 b**5/6 - 2*b**4/3 - 11*b**3/6 + 12*b**2. What is the units digit of q(-10)?
9
Suppose 26*k = 14331 - 2137. What is the tens digit of k?
6
Let q = 1017 - 892. What is the units digit of q?
5
Suppose -q + 45 = 4*q. Suppose -q*w + 25 = -14*w. Let d(h) = h**2 - 4*h - 11. What is the units digit of d(w)?
4
Let z(q) = -71*q - 16. What is the tens digit of z(-12)?
3
What is the units digit of 780/(-25)*(2 + 18/(-4))?
8
Suppose -x - 5*w = -9, -2*x - 2*x + w + 141 = 0. Suppose 4*q = 5*o + 5, 0 = 2*q + 2*o + 2. Suppose 3*k + 3*r - x = k, -3*r = q. What is the tens digit of k?
1
Let c = 4320 + -2837. What is the thousands digit of c?
1
Let s = 13 - 7. Let b = s + -2. Suppose 50 = b*l - 14. What is the tens digit of l?
1
Let z be 9 - 2*(1 - -1). Let u(q) = q - 3. Let w be u(z). What is the units digit of w/(-5) + 651/15?
3
Suppose -7*y + 118 = -9500. What is the thousands digit of y?
1
Let m = 332 - 193. Let d = -60 + m. What is the tens digit of d?
7
Let b(c) = -c - 8. Let r be b(-11). Suppose 5 = 2*w + 4*h - 183, r*w = h + 282. Let n = w - 56. What is the tens digit of n?
3
Let c(g) = -2*g**3 + 7*g**2 + 2*g - 12. What is the hundreds digit of c(-4)?
2
Suppose -114956 = 24*a - 53*a. What is the units digit of a?
4
What is the units digit of (-8)/((-2)/1) - (-1368 - -139)?
3
Let v be -2 - -9 - 3 - (-6 + -2). Let p(d) = -13 + 4*d**3 - 3 - 5*d**3 + 11*d**2 + 19*d. What is the units digit of p(v)?
8
Let z = -400 - -905. What is the tens digit of z?
0
Suppose -4*c - 2*b = b - 2305, 0 = -2*b - 10. What is the units digit of c?
0
Let r = 1371 + -267. What is the thousands digit of r?
1
Let f = 21 - 16. Suppose f*g - 104 = -3*h, 0*g - 36 = -h - 3*g. Suppose 6*i - 5*i - h = 0. What is the tens digit of i?
3
Suppose -c = 5*b - 11, 4*b + c + 4*c = -8. Suppose 5*y - 16 = -3*z, -4*y + y + 24 = -b*z. Suppose 3*l - 31 = y. What is the units digit of l?
2
Let z = -82 - -52. Let t = 94 - z. What is the hundreds digit of t?
1
Suppose 45 = 12*j - 3*j. Let i(y) = 6*y**2 - 17. What is the units digit of i(j)?
3
Suppose 4*x = 5*l - 762, 3*l - 2*x - 470 = -6*x. What is the tens digit of l?
5
Let y = 26 + -24. Suppose 6*x = y*x. Suppose x = 8*b - 298 - 206. What is the tens digit of b?
6
Let w(s) = 2*s**2 + 6*s + 23. What is the tens digit of w(7)?
6
Let k be (-33)/(-21) - (-3)/7. Suppose -3*d - 2*x = -240, 5*x - k*x = -4*d + 321. Let i = d + -51. What is the units digit of i?
7
Suppose 349 + 44035 = 73*n. What is the tens digit of n?
0
Let c = 9268 + -6217. What is the hundreds digit of c?
0
Let h = 1098 - 781. What is the units digit of h?
7
Let z(l) = -19*l**2 + 142*l - 4. What is the units digit of z(7)?
9
Let l = -51 + 23. Let u be (4*11/(-44))/(2/(-90)). Let y = l + u. What is the tens digit of y?
1
Let m(f) = f**3 + 4*f**2 + 4*f + 3. Let g be m(-3). Let u = g + 4. Suppose -u*d + 58 - 2 = 0. What is the units digit of d?
4
Suppose 5*c + 6*z - 2843 = 4*z, 4*c - z = 2277. What is the units digit of c?
9
Let d = 524 + 481. Let y be 1/(4 - d/252). Suppose -k + y = 2*k. What is the tens digit of k?
2
Suppose -147 = -2*h + 141. What is the tens digit of h?
4
Suppose 316*k - 12432 = 308*k. What is the tens digit of k?
5
Let j be (3 + (-9)/3)/2. Let w = j - -69. Suppose l - w = -2*l. What is the units digit of l?
3
Suppose 2*z - 2 + 30 = 0. Let x be -2 + 0 + z + 2. Let r = 31 + x. What is the units digit of r?
7
Let a(c) = -c + 1. Let h be a(-3). Suppose 2*o - 54 = -l, -2*l = -0*l - h. Suppose -216 = -5*r - o. What is the tens digit of r?
3
Let s be (3/(-24))/((-4)/32). Suppose g - i = 2, -5*g + 3*i = -s - 3. What is the tens digit of g + -1 - (-30 - 18)?
4
Suppose 0*b - 9 = -3*b. Let p be ((-1)/(-2))/(b/18). Suppose r + r + 5*j - 71 = 0, 113 = p*r + j. What is the tens digit of r?
3
Suppose -131*v - 25194 = -148*v. What is the thousands digit of v?
1
Suppose 2*o + 4 = o - 5*z, -3*z + 6 = 2*o. Suppose 4*p = -5*h + 700, -4*p = -o*p - 2*h + 352. What is the units digit of p?
0
Suppose w = -4*w - p - 462, 5*p + 10 = 0. Let y = -142 - 14. Let i = w - y. What is the units digit of i?
4
Let h = 280 + 0. What is the hundreds digit of h?
2
Let p(a) = a**3 - 5*a**2 - a + 7. Let j be p(5). Suppose -v + 15 = j*v. Suppose v*t - 55 + 0 = 0. What is the units digit of t?
1
Let g be 2/(-4)*-2*1. Let h be (3 - -4)*g - -1. Let f = h + 14. What is the units digit of f?
2
Let z = -20 - -17. Let o(w) = w - 2. Let m be o(z). What is the tens digit of 9 - (4 + m + 0)?
1
Let v = 12 + -12. Let z be (v - (-6)/(-9))*24. Let m = 38 + z. What is the units digit of m?
2
Suppose -2*s + 7 = r - 14, -5*s + 75 = -2*r. Let k(l) = l**2 + 6 - 8*l - s - 6. What is the units digit of k(12)?
5
Suppose -24*c + 8900 - 2972 = 0. What is the tens digit of c?
4
Let l = -39 - -42. Suppose -l*v = -24 - 15. What is the units digit of v?
3
What is the hundreds digit of (10/(-4) + 1)/((-249)/83498)?
5
Let v(b) = 7*b - 9. Let f(n) = 6*n - 9. Let g(q) = -6*f(q) + 5*v(q). Let h be g(4). Suppose 38 = h*r - 42. What is the tens digit of r?
1
Suppose 2 = -2*o + 6, -2*v = -3*o - 1352. What is the units digit of v?
9
Let g be -318 + 8 + 4/(-1). Let h = 492 + g. What is the tens digit of h?
7
Suppose 1651 = h + 3*v, 5*h + 5*v + 2542 = 10837. What is the tens digit of h?
6
Suppose 0 = 10*a - 540 - 20250. What is the units digit of a?
9
Suppose 0*v - 5*v + 85 = 0. Suppose -v*u - 6 = -20*u. Suppose z + 2*o - 88 = -3*z, 0 = u*o. What is the tens digit of z?
2
Let l(w) = 101*w**2 + 2*w + 4. Let r be l(-2). Suppose -5*m = -m - r. What is the hundreds digit of m?
1
Suppose 0 = 17*o + 11*o - 49336. What is the hundreds digit of o?
7
Suppose -l = -6*l. Suppose -5*s = -5*n, l*s + 2*s = 3*n - 1. What is the units digit of s?
1
Let q be (12/10)/(8/20). Suppose q*n = 4*g - 64 + 226, -3*g = 0. What is the units digit of n/12*(-4)/(-6)?
3
Let z be (-2 - 139)/(2*5/(-10)). Suppose -z = 8*c - 9*c. What is the hundreds digit of c?
1
Let w(f) = 5*f**2 + 56*f - 13. What is the units digit of w(-12)?
5
Suppose 4*p - 3 = 5. Suppose x = p*x - 26. What is the tens digit of x?
2
Suppose -m + 1055 = -4*z, 0 = m + 32*z - 27*z - 1091. What is the hundreds digit of m?
0
Let k(a) = -a + 4. Let s be k(2). Suppose -s*z - z + 36 = 0. Let b = z + 13. What is the tens digit of b?
2
Let m(h) = 56*h**2 + 7*h + 7. What is the hundreds digit of m(4)?
9
Suppose -5*p = 4*p - 4671. Let l = p + -332. What is the tens digit of l?
8
Let m = 1 + 2. Let v(d) = 24*d. Let b be v(m). Suppose t = -3*t + b. What is the units digit of t?
8
Suppose 0 = 3*a - a - 4. Suppose -3*c = -a*c - 3. Suppose 0 = -y - 5*f + 25, 2*y - c*y + 9 = f. What is the units digit of y?
5
Suppose 5 = 4*m + 5*o - 2, 0 = -3*m - o - 3. Suppose -67*j + 65*j - 16 = 0. What is the units digit of (-116)/j - 1/m?
5
Let l = 63 - -239. What is the tens digit of l?
0
Let h(q) = -2*q**3 + 7*q**2 - 3*q - 205. What is the hundreds digit of h(-11)?
3
Suppose 17 = 2*o - 19. Let w be (-144)/(-27)*o/(-8). What is the units digit of 6/w + 114/4?
8
Let k(c) = -c**2 + 38*c + 105. What is the hundreds digit of k(36)?
1
Suppose 3*m - 5*u = -4*u + 356, 0 = -5*m + 3*u + 600. Let h = m - 105. What is the tens digit of h?
1
Suppose -4*g = 4*f - 8356, -533 + 4691 = 2*g - 2*f. What is the hundreds digit of g?
0
Let x(u) = -u**3 - 15*u**2 - 15*u - 10. Let f be x(-14). Let t = f - -31. What is the units digit of t?
5
What is the thousands digit of (-22)/((-132)/14631) - 1/2?
2
Suppose -7*l + 11*l + 10 = -5*b, 0 = -2*b + 5*l + 29. Suppose -x + 11 + 27 = 0. Suppose -w + j + x + b = 0, 5*j + 92 = 2*w. What is the units digit of w?
6
Let i = -1 + -5. Let r(f) = -f**3 - 9*f**2 + 3*f + 8. Let d(w) = -2*w**3 - 17*w**2 + 6*w + 15. Let h(u) = 4*d(u) - 7*r(u). What is the tens digit of h(i)?
2
What is the tens digit of (1446/(-24) - -9)*-32?
4
Suppose 5 = 3*b - 1. Let z(s) = 0*s**3 - 2*s**3 - 2*s**2 - b*s + 1 + 4*s**3 - s**3. What is the units digit of z(4)?
5
Let p(i) = -4*i - 2. Let h(k) be the first derivative of k**3/3 + 4*k**2 - k - 9. Let l be h(-7). What is the tens digit of p(l)?
3
Suppose 4*p + 156 = r - 5*r, -5*p = 15. What is the units digit of r/(-2)*21/42?
9
Suppose -8*b = -2*b - 18. Suppose 2*f - b*n - 113 = 0, -3*f + 267 = 4*n + 55. What is the units digit of f?
4
Let n = -7969 + 13807. What is the tens digit of n?
3
Suppose 2*d = 3